{"id":149,"date":"2019-05-31T13:17:13","date_gmt":"2019-05-31T11:17:13","guid":{"rendered":"http:\/\/dnorma.fr\/dnorma\/?page_id=149"},"modified":"2021-10-10T21:45:07","modified_gmt":"2021-10-10T19:45:07","slug":"contact","status":"publish","type":"page","link":"https:\/\/dnorma.fr\/dnorma\/contact\/","title":{"rendered":"Contacts"},"content":{"rendered":"\t\t<div data-elementor-type=\"wp-post\" data-elementor-id=\"149\" class=\"elementor elementor-149\" data-elementor-settings=\"[]\">\n\t\t\t\t\t\t<div class=\"elementor-inner\">\n\t\t\t\t\t\t\t<div class=\"elementor-section-wrap\">\n\t\t\t\t\t\t\t<section class=\"has_eae_slider elementor-section elementor-top-section elementor-element elementor-element-2b6cd63 elementor-section-boxed elementor-section-height-default elementor-section-height-default\" data-id=\"2b6cd63\" data-element_type=\"section\">\n\t\t\t\t\t\t<div class=\"elementor-container elementor-column-gap-default\">\n\t\t\t\t\t\t\t<div class=\"elementor-row\">\n\t\t\t\t\t<div class=\"has_eae_slider elementor-column elementor-col-100 elementor-top-column elementor-element elementor-element-a478fc7\" data-id=\"a478fc7\" data-element_type=\"column\">\n\t\t\t<div class=\"elementor-column-wrap elementor-element-populated\">\n\t\t\t\t\t\t\t<div class=\"elementor-widget-wrap\">\n\t\t\t\t\t\t<div class=\"elementor-element elementor-element-ccff782 elementor-widget elementor-widget-heading\" data-id=\"ccff782\" data-element_type=\"widget\" data-widget_type=\"heading.default\">\n\t\t\t\t<div class=\"elementor-widget-container\">\n\t\t\t<h1 class=\"elementor-heading-title elementor-size-default\">CONTACTEZ-NOUS !<\/h1>\t\t<\/div>\n\t\t\t\t<\/div>\n\t\t\t\t\t\t<\/div>\n\t\t\t\t\t<\/div>\n\t\t<\/div>\n\t\t\t\t\t\t\t\t<\/div>\n\t\t\t\t\t<\/div>\n\t\t<\/section>\n\t\t\t\t<section class=\"has_eae_slider elementor-section elementor-top-section elementor-element elementor-element-800fb90 elementor-section-boxed elementor-section-height-default elementor-section-height-default\" data-id=\"800fb90\" data-element_type=\"section\">\n\t\t\t\t\t\t<div class=\"elementor-container elementor-column-gap-default\">\n\t\t\t\t\t\t\t<div class=\"elementor-row\">\n\t\t\t\t\t<div class=\"has_eae_slider elementor-column elementor-col-100 elementor-top-column elementor-element elementor-element-5768297\" data-id=\"5768297\" data-element_type=\"column\">\n\t\t\t<div class=\"elementor-column-wrap elementor-element-populated\">\n\t\t\t\t\t\t\t<div class=\"elementor-widget-wrap\">\n\t\t\t\t\t\t<div class=\"elementor-element elementor-element-9aba1f7 elementor-widget elementor-widget-text-editor\" data-id=\"9aba1f7\" data-element_type=\"widget\" data-widget_type=\"text-editor.default\">\n\t\t\t\t<div class=\"elementor-widget-container\">\n\t\t\t\t\t\t\t\t<div class=\"elementor-text-editor elementor-clearfix\">\n\t\t\t\t<p>Nathalie et Touria co- fondatrices de Dnorma sont \u00e0 votre disposition pour \u00e9changer sur vos besoins.&nbsp;<\/p><p><span style=\"font-family: var( --e-global-typography-text-font-family ); font-size: 15px;\">Nous sommes actives sur nos r\u00e9seaux LinkedIn n&#8217;h\u00e9sitez pas \u00e0 nous suivre, \u00e0 liker, \u00e0 commenter et \u00e0 partager !<\/span><\/p>\t\t\t\t\t<\/div>\n\t\t\t\t\t\t<\/div>\n\t\t\t\t<\/div>\n\t\t\t\t\t\t<\/div>\n\t\t\t\t\t<\/div>\n\t\t<\/div>\n\t\t\t\t\t\t\t\t<\/div>\n\t\t\t\t\t<\/div>\n\t\t<\/section>\n\t\t\t\t<section class=\"has_eae_slider elementor-section elementor-top-section elementor-element elementor-element-1ec2d92 elementor-section-boxed elementor-section-height-default elementor-section-height-default\" data-id=\"1ec2d92\" data-element_type=\"section\">\n\t\t\t\t\t\t<div class=\"elementor-container elementor-column-gap-default\">\n\t\t\t\t\t\t\t<div class=\"elementor-row\">\n\t\t\t\t\t<div class=\"has_eae_slider elementor-column elementor-col-33 elementor-top-column elementor-element elementor-element-d22e7fe\" data-id=\"d22e7fe\" data-element_type=\"column\">\n\t\t\t<div class=\"elementor-column-wrap elementor-element-populated\">\n\t\t\t\t\t\t\t<div class=\"elementor-widget-wrap\">\n\t\t\t\t\t\t<div class=\"elementor-element elementor-element-3ed48c0 elementor-widget elementor-widget-image\" data-id=\"3ed48c0\" data-element_type=\"widget\" data-widget_type=\"image.default\">\n\t\t\t\t<div class=\"elementor-widget-container\">\n\t\t\t\t\t\t\t\t<div class=\"elementor-image\">\n\t\t\t\t\t\t\t\t\t\t\t\t<img width=\"1024\" height=\"682\" src=\"https:\/\/dnorma.fr\/dnorma\/wp-content\/uploads\/2021\/05\/608fdbfa61fd7-1024x682.jpg\" class=\"attachment-large size-large\" alt=\"\" loading=\"lazy\" srcset=\"https:\/\/dnorma.fr\/dnorma\/wp-content\/uploads\/2021\/05\/608fdbfa61fd7.jpg 1024w, https:\/\/dnorma.fr\/dnorma\/wp-content\/uploads\/2021\/05\/608fdbfa61fd7-300x200.jpg 300w, https:\/\/dnorma.fr\/dnorma\/wp-content\/uploads\/2021\/05\/608fdbfa61fd7-768x512.jpg 768w\" sizes=\"(max-width: 1024px) 100vw, 1024px\" \/>\t\t\t\t\t\t\t\t\t\t\t\t\t\t<\/div>\n\t\t\t\t\t\t<\/div>\n\t\t\t\t<\/div>\n\t\t\t\t\t\t<\/div>\n\t\t\t\t\t<\/div>\n\t\t<\/div>\n\t\t\t\t<div class=\"has_eae_slider elementor-column elementor-col-33 elementor-top-column elementor-element elementor-element-1f36292\" data-id=\"1f36292\" data-element_type=\"column\">\n\t\t\t<div class=\"elementor-column-wrap elementor-element-populated\">\n\t\t\t\t\t\t\t<div class=\"elementor-widget-wrap\">\n\t\t\t\t\t\t<div class=\"elementor-element elementor-element-e9c49c1 elementor-view-default elementor-position-top elementor-vertical-align-top elementor-widget elementor-widget-icon-box\" data-id=\"e9c49c1\" data-element_type=\"widget\" data-widget_type=\"icon-box.default\">\n\t\t\t\t<div class=\"elementor-widget-container\">\n\t\t\t\t\t<div class=\"elementor-icon-box-wrapper\">\n\t\t\t\t\t\t<div class=\"elementor-icon-box-icon\">\n\t\t\t\t<span class=\"elementor-icon elementor-animation-\" >\n\t\t\t\t<i aria-hidden=\"true\" class=\"far fa-envelope-open\"><\/i>\t\t\t\t<\/span>\n\t\t\t<\/div>\n\t\t\t\t\t\t<div class=\"elementor-icon-box-content\">\n\t\t\t\t<h3 class=\"elementor-icon-box-title\">\n\t\t\t\t\t<span  >\n\t\t\t\t\t\tDNORMA\t\t\t\t\t<\/span>\n\t\t\t\t<\/h3>\n\t\t\t\t\t\t\t\t\t<p class=\"elementor-icon-box-description\">\n\t\t\t\t\t\tUne question ? Besoin de plus d'informations ? Une demande de devis ?\t\t\t\t\t<\/p>\n\t\t\t\t\t\t\t<\/div>\n\t\t<\/div>\n\t\t\t\t<\/div>\n\t\t\t\t<\/div>\n\t\t\t\t<div class=\"elementor-element elementor-element-d91252f elementor-widget elementor-widget-text-editor\" data-id=\"d91252f\" data-element_type=\"widget\" data-widget_type=\"text-editor.default\">\n\t\t\t\t<div class=\"elementor-widget-container\">\n\t\t\t\t\t\t\t\t<div class=\"elementor-text-editor elementor-clearfix\">\n\t\t\t\t<p><span style=\"color: #333333; font-size: 15px; font-style: normal; font-weight: 400; text-align: center; white-space: pre-wrap;\">Nous sommes l\u00e0 pour vous r\u00e9pondre.<\/span><\/p>\t\t\t\t\t<\/div>\n\t\t\t\t\t\t<\/div>\n\t\t\t\t<\/div>\n\t\t\t\t\t\t<\/div>\n\t\t\t\t\t<\/div>\n\t\t<\/div>\n\t\t\t\t<div class=\"has_eae_slider elementor-column elementor-col-33 elementor-top-column elementor-element elementor-element-9113eab\" data-id=\"9113eab\" data-element_type=\"column\">\n\t\t\t<div class=\"elementor-column-wrap elementor-element-populated\">\n\t\t\t\t\t\t\t<div class=\"elementor-widget-wrap\">\n\t\t\t\t\t\t<div class=\"elementor-element elementor-element-05f2407 elementor-widget elementor-widget-image\" data-id=\"05f2407\" data-element_type=\"widget\" data-widget_type=\"image.default\">\n\t\t\t\t<div class=\"elementor-widget-container\">\n\t\t\t\t\t\t\t\t<div class=\"elementor-image\">\n\t\t\t\t\t\t\t\t\t\t\t\t<img width=\"1024\" height=\"683\" src=\"https:\/\/dnorma.fr\/dnorma\/wp-content\/uploads\/2021\/05\/608fed4d9ca20-1024x683.jpg\" class=\"attachment-large size-large\" alt=\"\" loading=\"lazy\" srcset=\"https:\/\/dnorma.fr\/dnorma\/wp-content\/uploads\/2021\/05\/608fed4d9ca20.jpg 1024w, https:\/\/dnorma.fr\/dnorma\/wp-content\/uploads\/2021\/05\/608fed4d9ca20-300x200.jpg 300w, https:\/\/dnorma.fr\/dnorma\/wp-content\/uploads\/2021\/05\/608fed4d9ca20-768x512.jpg 768w\" sizes=\"(max-width: 1024px) 100vw, 1024px\" \/>\t\t\t\t\t\t\t\t\t\t\t\t\t\t<\/div>\n\t\t\t\t\t\t<\/div>\n\t\t\t\t<\/div>\n\t\t\t\t\t\t<\/div>\n\t\t\t\t\t<\/div>\n\t\t<\/div>\n\t\t\t\t\t\t\t\t<\/div>\n\t\t\t\t\t<\/div>\n\t\t<\/section>\n\t\t\t\t<section class=\"has_eae_slider elementor-section elementor-top-section elementor-element elementor-element-0a4cbc1 elementor-section-boxed elementor-section-height-default elementor-section-height-default\" data-id=\"0a4cbc1\" data-element_type=\"section\">\n\t\t\t\t\t\t<div class=\"elementor-container elementor-column-gap-default\">\n\t\t\t\t\t\t\t<div class=\"elementor-row\">\n\t\t\t\t\t<div class=\"has_eae_slider elementor-column elementor-col-33 elementor-top-column elementor-element elementor-element-d3eccba\" data-id=\"d3eccba\" data-element_type=\"column\">\n\t\t\t<div class=\"elementor-column-wrap elementor-element-populated\">\n\t\t\t\t\t\t\t<div class=\"elementor-widget-wrap\">\n\t\t\t\t\t\t<div class=\"elementor-element elementor-element-74df129 elementor-view-default elementor-position-top elementor-vertical-align-top elementor-widget elementor-widget-icon-box\" data-id=\"74df129\" data-element_type=\"widget\" data-widget_type=\"icon-box.default\">\n\t\t\t\t<div class=\"elementor-widget-container\">\n\t\t\t\t\t<div class=\"elementor-icon-box-wrapper\">\n\t\t\t\t\t\t<div class=\"elementor-icon-box-icon\">\n\t\t\t\t<span class=\"elementor-icon elementor-animation-\" >\n\t\t\t\t<i aria-hidden=\"true\" class=\"fas fa-phone\"><\/i>\t\t\t\t<\/span>\n\t\t\t<\/div>\n\t\t\t\t\t\t<div class=\"elementor-icon-box-content\">\n\t\t\t\t<h3 class=\"elementor-icon-box-title\">\n\t\t\t\t\t<span  >\n\t\t\t\t\t\tNATHALIE MOUTI\u00c9\t\t\t\t\t<\/span>\n\t\t\t\t<\/h3>\n\t\t\t\t\t\t\t\t\t<p class=\"elementor-icon-box-description\">\n\t\t\t\t\t\tVous pouvez me contacter par t\u00e9l\u00e9phone au num\u00e9ro suivant :\n07.81.14.04.98 ou par mail \u00e0 l'adresse suivante:  nathalie.moutie@dnorma.fr\t\t\t\t\t<\/p>\n\t\t\t\t\t\t\t<\/div>\n\t\t<\/div>\n\t\t\t\t<\/div>\n\t\t\t\t<\/div>\n\t\t\t\t<div class=\"elementor-element elementor-element-8dcdfbe elementor-shape-rounded elementor-grid-0 e-grid-align-center elementor-widget elementor-widget-social-icons\" data-id=\"8dcdfbe\" data-element_type=\"widget\" data-widget_type=\"social-icons.default\">\n\t\t\t\t<div class=\"elementor-widget-container\">\n\t\t\t\t\t<div class=\"elementor-social-icons-wrapper elementor-grid\">\n\t\t\t\t\t\t\t<span class=\"elementor-grid-item\">\n\t\t\t\t\t<a class=\"elementor-icon elementor-social-icon elementor-social-icon-linkedin elementor-repeater-item-78981e5\" href=\"https:\/\/www.linkedin.com\/in\/nathaliemoutie\/\" target=\"_blank\">\n\t\t\t\t\t\t<span class=\"elementor-screen-only\">Linkedin<\/span>\n\t\t\t\t\t\t<i class=\"fab fa-linkedin\"><\/i>\t\t\t\t\t<\/a>\n\t\t\t\t<\/span>\n\t\t\t\t\t\t\t<span class=\"elementor-grid-item\">\n\t\t\t\t\t<a class=\"elementor-icon elementor-social-icon elementor-social-icon-envelope elementor-repeater-item-2015344\" href=\"mailto:nathalie.moutie@dnorma.fr\" target=\"_blank\">\n\t\t\t\t\t\t<span class=\"elementor-screen-only\">Envelope<\/span>\n\t\t\t\t\t\t<i class=\"fas fa-envelope\"><\/i>\t\t\t\t\t<\/a>\n\t\t\t\t<\/span>\n\t\t\t\t\t<\/div>\n\t\t\t\t<\/div>\n\t\t\t\t<\/div>\n\t\t\t\t\t\t<\/div>\n\t\t\t\t\t<\/div>\n\t\t<\/div>\n\t\t\t\t<div class=\"has_eae_slider elementor-column elementor-col-33 elementor-top-column elementor-element elementor-element-d2a9bbe\" data-id=\"d2a9bbe\" data-element_type=\"column\">\n\t\t\t<div class=\"elementor-column-wrap elementor-element-populated\">\n\t\t\t\t\t\t\t<div class=\"elementor-widget-wrap\">\n\t\t\t\t\t\t<div class=\"elementor-element elementor-element-be71087 elementor-widget elementor-widget-image\" data-id=\"be71087\" data-element_type=\"widget\" data-widget_type=\"image.default\">\n\t\t\t\t<div class=\"elementor-widget-container\">\n\t\t\t\t\t\t\t\t<div class=\"elementor-image\">\n\t\t\t\t\t\t\t\t\t\t\t\t<img width=\"300\" height=\"225\" src=\"https:\/\/dnorma.fr\/dnorma\/wp-content\/uploads\/2021\/05\/WhatsApp-Image-2021-05-10-at-21.09.09-1-300x225.jpeg\" class=\"attachment-medium size-medium\" alt=\"\" loading=\"lazy\" srcset=\"https:\/\/dnorma.fr\/dnorma\/wp-content\/uploads\/2021\/05\/WhatsApp-Image-2021-05-10-at-21.09.09-1-300x225.jpeg 300w, https:\/\/dnorma.fr\/dnorma\/wp-content\/uploads\/2021\/05\/WhatsApp-Image-2021-05-10-at-21.09.09-1-768x576.jpeg 768w, https:\/\/dnorma.fr\/dnorma\/wp-content\/uploads\/2021\/05\/WhatsApp-Image-2021-05-10-at-21.09.09-1-1024x768.jpeg 1024w, https:\/\/dnorma.fr\/dnorma\/wp-content\/uploads\/2021\/05\/WhatsApp-Image-2021-05-10-at-21.09.09-1.jpeg 1600w\" sizes=\"(max-width: 300px) 100vw, 300px\" \/>\t\t\t\t\t\t\t\t\t\t\t\t\t\t<\/div>\n\t\t\t\t\t\t<\/div>\n\t\t\t\t<\/div>\n\t\t\t\t\t\t<\/div>\n\t\t\t\t\t<\/div>\n\t\t<\/div>\n\t\t\t\t<div class=\"has_eae_slider elementor-column elementor-col-33 elementor-top-column elementor-element elementor-element-d7892ba\" data-id=\"d7892ba\" data-element_type=\"column\">\n\t\t\t<div class=\"elementor-column-wrap elementor-element-populated\">\n\t\t\t\t\t\t\t<div class=\"elementor-widget-wrap\">\n\t\t\t\t\t\t<div class=\"elementor-element elementor-element-0fe291a elementor-view-default elementor-position-top elementor-vertical-align-top elementor-widget elementor-widget-icon-box\" data-id=\"0fe291a\" data-element_type=\"widget\" data-widget_type=\"icon-box.default\">\n\t\t\t\t<div class=\"elementor-widget-container\">\n\t\t\t\t\t<div class=\"elementor-icon-box-wrapper\">\n\t\t\t\t\t\t<div class=\"elementor-icon-box-icon\">\n\t\t\t\t<span class=\"elementor-icon elementor-animation-\" >\n\t\t\t\t<i aria-hidden=\"true\" class=\"fas fa-phone\"><\/i>\t\t\t\t<\/span>\n\t\t\t<\/div>\n\t\t\t\t\t\t<div class=\"elementor-icon-box-content\">\n\t\t\t\t<h3 class=\"elementor-icon-box-title\">\n\t\t\t\t\t<span  >\n\t\t\t\t\t\tTOURIA AMRAOUI\t\t\t\t\t<\/span>\n\t\t\t\t<\/h3>\n\t\t\t\t\t\t\t\t\t<p class=\"elementor-icon-box-description\">\n\t\t\t\t\t\tVous pouvez me contacter par t\u00e9l\u00e9phone au num\u00e9ro suivant :\n\n07.69.73.50.98\nou par mail \u00e0 l'adresse suivante: touria.amraoui@dnorma.fr\t\t\t\t\t<\/p>\n\t\t\t\t\t\t\t<\/div>\n\t\t<\/div>\n\t\t\t\t<\/div>\n\t\t\t\t<\/div>\n\t\t\t\t<div class=\"elementor-element elementor-element-db3d8ef elementor-shape-rounded elementor-grid-0 e-grid-align-center elementor-widget elementor-widget-social-icons\" data-id=\"db3d8ef\" data-element_type=\"widget\" data-widget_type=\"social-icons.default\">\n\t\t\t\t<div class=\"elementor-widget-container\">\n\t\t\t\t\t<div class=\"elementor-social-icons-wrapper elementor-grid\">\n\t\t\t\t\t\t\t<span class=\"elementor-grid-item\">\n\t\t\t\t\t<a class=\"elementor-icon elementor-social-icon elementor-social-icon-linkedin elementor-repeater-item-fbaa8a9\" href=\"https:\/\/www.linkedin.com\/in\/touria-amraoui-7315b427\/\" target=\"_blank\">\n\t\t\t\t\t\t<span class=\"elementor-screen-only\">Linkedin<\/span>\n\t\t\t\t\t\t<i class=\"fab fa-linkedin\"><\/i>\t\t\t\t\t<\/a>\n\t\t\t\t<\/span>\n\t\t\t\t\t\t\t<span class=\"elementor-grid-item\">\n\t\t\t\t\t<a class=\"elementor-icon elementor-social-icon elementor-social-icon-envelope elementor-repeater-item-6a74832\" href=\"mailto:touria.amraoui@dnorma.fr\" target=\"_blank\">\n\t\t\t\t\t\t<span class=\"elementor-screen-only\">Envelope<\/span>\n\t\t\t\t\t\t<i class=\"fas fa-envelope\"><\/i>\t\t\t\t\t<\/a>\n\t\t\t\t<\/span>\n\t\t\t\t\t<\/div>\n\t\t\t\t<\/div>\n\t\t\t\t<\/div>\n\t\t\t\t\t\t<\/div>\n\t\t\t\t\t<\/div>\n\t\t<\/div>\n\t\t\t\t\t\t\t\t<\/div>\n\t\t\t\t\t<\/div>\n\t\t<\/section>\n\t\t\t\t\t\t<\/div>\n\t\t\t\t\t\t<\/div>\n\t\t\t\t\t<\/div>\n\t\t","protected":false},"excerpt":{"rendered":"<p>CONTACTEZ-NOUS ! Nathalie et Touria co- fondatrices de Dnorma sont \u00e0 votre disposition pour \u00e9changer sur vos besoins.&nbsp; Nous sommes actives sur nos r\u00e9seaux LinkedIn n&#8217;h\u00e9sitez pas \u00e0 nous suivre, \u00e0 liker, \u00e0 commenter et \u00e0 partager ! DNORMA Une question ? Besoin de plus d&#8217;informations ? Une demande de devis ? Nous sommes l\u00e0 pour vous r\u00e9pondre. NATHALIE MOUTI\u00c9 Vous pouvez me contacter par t\u00e9l\u00e9phone au num\u00e9ro suivant : 07.81.14.04.98 ou par mail \u00e0 &hellip;<\/p>\n<p class=\"read-more\"> <a class=\"\" href=\"https:\/\/dnorma.fr\/dnorma\/contact\/\"> <span class=\"screen-reader-text\">Contacts<\/span> Lire la suite\u00a0\u00bb<\/a><\/p>\n","protected":false},"author":1,"featured_media":0,"parent":0,"menu_order":0,"comment_status":"closed","ping_status":"closed","template":"elementor_canvas","meta":{"spay_email":""},"yoast_head":"<!-- This site is optimized with the Yoast SEO plugin v17.3 - https:\/\/yoast.com\/wordpress\/plugins\/seo\/ -->\n<title>Contacts - Dnorma conseil<\/title>\n<meta name=\"robots\" content=\"index, follow, max-snippet:-1, max-image-preview:large, max-video-preview:-1\" \/>\n<link rel=\"canonical\" href=\"https:\/\/dnorma.fr\/dnorma\/contact\/\" \/>\n<meta property=\"og:locale\" content=\"fr_FR\" \/>\n<meta property=\"og:type\" content=\"article\" \/>\n<meta property=\"og:title\" content=\"Contacts - Dnorma conseil\" \/>\n<meta property=\"og:description\" content=\"CONTACTEZ-NOUS ! Nathalie et Touria co- fondatrices de Dnorma sont \u00e0 votre disposition pour \u00e9changer sur vos besoins.&nbsp; Nous sommes actives sur nos r\u00e9seaux LinkedIn n&#8217;h\u00e9sitez pas \u00e0 nous suivre, \u00e0 liker, \u00e0 commenter et \u00e0 partager ! DNORMA Une question ? Besoin de plus d&#8217;informations ? Une demande de devis ? Nous sommes l\u00e0 pour vous r\u00e9pondre. NATHALIE MOUTI\u00c9 Vous pouvez me contacter par t\u00e9l\u00e9phone au num\u00e9ro suivant : 07.81.14.04.98 ou par mail \u00e0 &hellip; Contacts Lire la suite\u00a0\u00bb\" \/>\n<meta property=\"og:url\" content=\"https:\/\/dnorma.fr\/dnorma\/contact\/\" \/>\n<meta property=\"og:site_name\" content=\"Dnorma conseil\" \/>\n<meta property=\"article:publisher\" content=\"https:\/\/www.facebook.com\/Dnorma-conseil-2096142100508361\" \/>\n<meta property=\"article:modified_time\" content=\"2021-10-10T19:45:07+00:00\" \/>\n<meta property=\"og:image\" content=\"https:\/\/dnorma.fr\/dnorma\/wp-content\/uploads\/2021\/05\/608fdbfa61fd7-1024x682.jpg\" \/>\n<meta name=\"twitter:card\" content=\"summary_large_image\" \/>\n<meta name=\"twitter:site\" content=\"@ConseilDnorma\" \/>\n<meta name=\"twitter:label1\" content=\"Dur\u00e9e de lecture estim\u00e9e\" \/>\n\t<meta name=\"twitter:data1\" content=\"2 minutes\" \/>\n<script type=\"application\/ld+json\" class=\"yoast-schema-graph\">{\"@context\":\"https:\/\/schema.org\",\"@graph\":[{\"@type\":\"Organization\",\"@id\":\"https:\/\/dnorma.fr\/dnorma\/#organization\",\"name\":\"DNORMA CONSEIL\",\"url\":\"https:\/\/dnorma.fr\/dnorma\/\",\"sameAs\":[\"https:\/\/www.facebook.com\/Dnorma-conseil-2096142100508361\",\"https:\/\/www.instagram.com\/dnorma.conseil\",\"https:\/\/www.linkedin.com\/company\/dnorma-conseil\/\",\"https:\/\/twitter.com\/ConseilDnorma\"],\"logo\":{\"@type\":\"ImageObject\",\"@id\":\"https:\/\/dnorma.fr\/dnorma\/#logo\",\"inLanguage\":\"fr-FR\",\"url\":\"https:\/\/dnorma.fr\/dnorma\/wp-content\/uploads\/2019\/05\/dnorma.png\",\"contentUrl\":\"https:\/\/dnorma.fr\/dnorma\/wp-content\/uploads\/2019\/05\/dnorma.png\",\"width\":500,\"height\":500,\"caption\":\"DNORMA CONSEIL\"},\"image\":{\"@id\":\"https:\/\/dnorma.fr\/dnorma\/#logo\"}},{\"@type\":\"WebSite\",\"@id\":\"https:\/\/dnorma.fr\/dnorma\/#website\",\"url\":\"https:\/\/dnorma.fr\/dnorma\/\",\"name\":\"Dnorma conseil\",\"description\":\"Solution Paie &amp; Gestion du Personnel\",\"publisher\":{\"@id\":\"https:\/\/dnorma.fr\/dnorma\/#organization\"},\"potentialAction\":[{\"@type\":\"SearchAction\",\"target\":{\"@type\":\"EntryPoint\",\"urlTemplate\":\"https:\/\/dnorma.fr\/dnorma\/?s={search_term_string}\"},\"query-input\":\"required name=search_term_string\"}],\"inLanguage\":\"fr-FR\"},{\"@type\":\"ImageObject\",\"@id\":\"https:\/\/dnorma.fr\/dnorma\/contact\/#primaryimage\",\"inLanguage\":\"fr-FR\",\"url\":\"https:\/\/dnorma.fr\/dnorma\/wp-content\/uploads\/2021\/05\/608fdbfa61fd7.jpg\",\"contentUrl\":\"https:\/\/dnorma.fr\/dnorma\/wp-content\/uploads\/2021\/05\/608fdbfa61fd7.jpg\",\"width\":1024,\"height\":682,\"caption\":\"Business Finance, accounting, contract, advisor investment consulting marketing plan for the company with using tablet and computer technology in analysis.\"},{\"@type\":\"WebPage\",\"@id\":\"https:\/\/dnorma.fr\/dnorma\/contact\/#webpage\",\"url\":\"https:\/\/dnorma.fr\/dnorma\/contact\/\",\"name\":\"Contacts - Dnorma conseil\",\"isPartOf\":{\"@id\":\"https:\/\/dnorma.fr\/dnorma\/#website\"},\"primaryImageOfPage\":{\"@id\":\"https:\/\/dnorma.fr\/dnorma\/contact\/#primaryimage\"},\"datePublished\":\"2019-05-31T11:17:13+00:00\",\"dateModified\":\"2021-10-10T19:45:07+00:00\",\"breadcrumb\":{\"@id\":\"https:\/\/dnorma.fr\/dnorma\/contact\/#breadcrumb\"},\"inLanguage\":\"fr-FR\",\"potentialAction\":[{\"@type\":\"ReadAction\",\"target\":[\"https:\/\/dnorma.fr\/dnorma\/contact\/\"]}]},{\"@type\":\"BreadcrumbList\",\"@id\":\"https:\/\/dnorma.fr\/dnorma\/contact\/#breadcrumb\",\"itemListElement\":[{\"@type\":\"ListItem\",\"position\":1,\"name\":\"Accueil\",\"item\":\"https:\/\/dnorma.fr\/dnorma\/\"},{\"@type\":\"ListItem\",\"position\":2,\"name\":\"Contacts\"}]}]}<\/script>\n<!-- \/ Yoast SEO plugin. -->","yoast_head_json":{"title":"Contacts - Dnorma conseil","robots":{"index":"index","follow":"follow","max-snippet":"max-snippet:-1","max-image-preview":"max-image-preview:large","max-video-preview":"max-video-preview:-1"},"canonical":"https:\/\/dnorma.fr\/dnorma\/contact\/","og_locale":"fr_FR","og_type":"article","og_title":"Contacts - Dnorma conseil","og_description":"CONTACTEZ-NOUS ! Nathalie et Touria co- fondatrices de Dnorma sont \u00e0 votre disposition pour \u00e9changer sur vos besoins.&nbsp; Nous sommes actives sur nos r\u00e9seaux LinkedIn n&#8217;h\u00e9sitez pas \u00e0 nous suivre, \u00e0 liker, \u00e0 commenter et \u00e0 partager ! DNORMA Une question ? Besoin de plus d&#8217;informations ? Une demande de devis ? Nous sommes l\u00e0 pour vous r\u00e9pondre. NATHALIE MOUTI\u00c9 Vous pouvez me contacter par t\u00e9l\u00e9phone au num\u00e9ro suivant : 07.81.14.04.98 ou par mail \u00e0 &hellip; Contacts Lire la suite\u00a0\u00bb","og_url":"https:\/\/dnorma.fr\/dnorma\/contact\/","og_site_name":"Dnorma conseil","article_publisher":"https:\/\/www.facebook.com\/Dnorma-conseil-2096142100508361","article_modified_time":"2021-10-10T19:45:07+00:00","og_image":[{"url":"https:\/\/dnorma.fr\/dnorma\/wp-content\/uploads\/2021\/05\/608fdbfa61fd7-1024x682.jpg"}],"twitter_card":"summary_large_image","twitter_site":"@ConseilDnorma","twitter_misc":{"Dur\u00e9e de lecture estim\u00e9e":"2 minutes"},"schema":{"@context":"https:\/\/schema.org","@graph":[{"@type":"Organization","@id":"https:\/\/dnorma.fr\/dnorma\/#organization","name":"DNORMA CONSEIL","url":"https:\/\/dnorma.fr\/dnorma\/","sameAs":["https:\/\/www.facebook.com\/Dnorma-conseil-2096142100508361","https:\/\/www.instagram.com\/dnorma.conseil","https:\/\/www.linkedin.com\/company\/dnorma-conseil\/","https:\/\/twitter.com\/ConseilDnorma"],"logo":{"@type":"ImageObject","@id":"https:\/\/dnorma.fr\/dnorma\/#logo","inLanguage":"fr-FR","url":"https:\/\/dnorma.fr\/dnorma\/wp-content\/uploads\/2019\/05\/dnorma.png","contentUrl":"https:\/\/dnorma.fr\/dnorma\/wp-content\/uploads\/2019\/05\/dnorma.png","width":500,"height":500,"caption":"DNORMA CONSEIL"},"image":{"@id":"https:\/\/dnorma.fr\/dnorma\/#logo"}},{"@type":"WebSite","@id":"https:\/\/dnorma.fr\/dnorma\/#website","url":"https:\/\/dnorma.fr\/dnorma\/","name":"Dnorma conseil","description":"Solution Paie &amp; Gestion du Personnel","publisher":{"@id":"https:\/\/dnorma.fr\/dnorma\/#organization"},"potentialAction":[{"@type":"SearchAction","target":{"@type":"EntryPoint","urlTemplate":"https:\/\/dnorma.fr\/dnorma\/?s={search_term_string}"},"query-input":"required name=search_term_string"}],"inLanguage":"fr-FR"},{"@type":"ImageObject","@id":"https:\/\/dnorma.fr\/dnorma\/contact\/#primaryimage","inLanguage":"fr-FR","url":"https:\/\/dnorma.fr\/dnorma\/wp-content\/uploads\/2021\/05\/608fdbfa61fd7.jpg","contentUrl":"https:\/\/dnorma.fr\/dnorma\/wp-content\/uploads\/2021\/05\/608fdbfa61fd7.jpg","width":1024,"height":682,"caption":"Business Finance, accounting, contract, advisor investment consulting marketing plan for the company with using tablet and computer technology in analysis."},{"@type":"WebPage","@id":"https:\/\/dnorma.fr\/dnorma\/contact\/#webpage","url":"https:\/\/dnorma.fr\/dnorma\/contact\/","name":"Contacts - Dnorma conseil","isPartOf":{"@id":"https:\/\/dnorma.fr\/dnorma\/#website"},"primaryImageOfPage":{"@id":"https:\/\/dnorma.fr\/dnorma\/contact\/#primaryimage"},"datePublished":"2019-05-31T11:17:13+00:00","dateModified":"2021-10-10T19:45:07+00:00","breadcrumb":{"@id":"https:\/\/dnorma.fr\/dnorma\/contact\/#breadcrumb"},"inLanguage":"fr-FR","potentialAction":[{"@type":"ReadAction","target":["https:\/\/dnorma.fr\/dnorma\/contact\/"]}]},{"@type":"BreadcrumbList","@id":"https:\/\/dnorma.fr\/dnorma\/contact\/#breadcrumb","itemListElement":[{"@type":"ListItem","position":1,"name":"Accueil","item":"https:\/\/dnorma.fr\/dnorma\/"},{"@type":"ListItem","position":2,"name":"Contacts"}]}]}},"uagb_featured_image_src":{"full":false,"thumbnail":false,"medium":false,"medium_large":false,"large":false,"1536x1536":false,"2048x2048":false,"htmega_size_585x295":false,"htmega_size_1170x536":false,"htmega_size_396x360":false,"ultp_layout_landscape_large":false,"ultp_layout_landscape":false,"ultp_layout_portrait":false,"ultp_layout_square":false},"uagb_author_info":{"display_name":"admin","author_link":"https:\/\/dnorma.fr\/dnorma\/author\/admin\/"},"uagb_comment_info":0,"uagb_excerpt":"CONTACTEZ-NOUS ! Nathalie et Touria co- fondatrices de Dnorma sont \u00e0 votre disposition pour \u00e9changer sur vos besoins.&nbsp; Nous sommes actives sur nos r\u00e9seaux LinkedIn n&#8217;h\u00e9sitez pas \u00e0 nous suivre, \u00e0 liker, \u00e0 commenter et \u00e0 partager ! DNORMA Une question ? Besoin de plus d&#8217;informations ? Une demande de devis ? Nous sommes l\u00e0\u2026","_links":{"self":[{"href":"https:\/\/dnorma.fr\/dnorma\/wp-json\/wp\/v2\/pages\/149"}],"collection":[{"href":"https:\/\/dnorma.fr\/dnorma\/wp-json\/wp\/v2\/pages"}],"about":[{"href":"https:\/\/dnorma.fr\/dnorma\/wp-json\/wp\/v2\/types\/page"}],"author":[{"embeddable":true,"href":"https:\/\/dnorma.fr\/dnorma\/wp-json\/wp\/v2\/users\/1"}],"replies":[{"embeddable":true,"href":"https:\/\/dnorma.fr\/dnorma\/wp-json\/wp\/v2\/comments?post=149"}],"version-history":[{"count":153,"href":"https:\/\/dnorma.fr\/dnorma\/wp-json\/wp\/v2\/pages\/149\/revisions"}],"predecessor-version":[{"id":2825,"href":"https:\/\/dnorma.fr\/dnorma\/wp-json\/wp\/v2\/pages\/149\/revisions\/2825"}],"wp:attachment":[{"href":"https:\/\/dnorma.fr\/dnorma\/wp-json\/wp\/v2\/media?parent=149"}],"curies":[{"name":"wp","href":"https:\/\/api.w.org\/{rel}","templated":true}]}}