{"id":1672,"date":"2021-07-27T01:45:47","date_gmt":"2021-07-26T23:45:47","guid":{"rendered":"https:\/\/dnorma.fr\/dnorma\/?page_id=1672"},"modified":"2026-03-28T19:52:57","modified_gmt":"2026-03-28T18:52:57","slug":"qui-somme-nous","status":"publish","type":"page","link":"https:\/\/dnorma.fr\/dnorma\/qui-somme-nous\/","title":{"rendered":"Qui sommes-nous ?"},"content":{"rendered":"\t\t<div data-elementor-type=\"wp-page\" data-elementor-id=\"1672\" class=\"elementor elementor-1672\" data-elementor-settings=\"[]\">\n\t\t\t\t\t\t<div class=\"elementor-inner\">\n\t\t\t\t\t\t\t<div class=\"elementor-section-wrap\">\n\t\t\t\t\t\t\t<section class=\"has_eae_slider elementor-section elementor-top-section elementor-element elementor-element-0410d69 elementor-section-full_width elementor-section-stretched elementor-section-height-default elementor-section-height-default\" data-id=\"0410d69\" data-element_type=\"section\" data-settings=\"{&quot;stretch_section&quot;:&quot;section-stretched&quot;}\">\n\t\t\t\t\t\t<div class=\"elementor-container elementor-column-gap-default\">\n\t\t\t\t\t\t\t<div class=\"elementor-row\">\n\t\t\t\t\t<div class=\"has_eae_slider elementor-column elementor-col-50 elementor-top-column elementor-element elementor-element-4d2dcf0 elementor-invisible\" data-id=\"4d2dcf0\" data-element_type=\"column\" data-settings=\"{&quot;animation&quot;:&quot;slideInLeft&quot;}\">\n\t\t\t<div class=\"elementor-column-wrap elementor-element-populated\">\n\t\t\t\t\t\t\t<div class=\"elementor-widget-wrap\">\n\t\t\t\t\t\t<div class=\"elementor-element elementor-element-6c35d78 elementor-widget elementor-widget-image\" data-id=\"6c35d78\" data-element_type=\"widget\" data-widget_type=\"image.default\">\n\t\t\t\t<div class=\"elementor-widget-container\">\n\t\t\t\t\t\t\t\t<div class=\"elementor-image\">\n\t\t\t\t\t\t\t\t\t\t\t\t<img width=\"200\" height=\"300\" src=\"https:\/\/dnorma.fr\/dnorma\/wp-content\/uploads\/2026\/03\/SG1-Dnorma-1076-sd-200x300.jpg\" class=\"attachment-medium size-medium\" alt=\"\" loading=\"lazy\" srcset=\"https:\/\/dnorma.fr\/dnorma\/wp-content\/uploads\/2026\/03\/SG1-Dnorma-1076-sd-200x300.jpg 200w, https:\/\/dnorma.fr\/dnorma\/wp-content\/uploads\/2026\/03\/SG1-Dnorma-1076-sd-683x1024.jpg 683w, https:\/\/dnorma.fr\/dnorma\/wp-content\/uploads\/2026\/03\/SG1-Dnorma-1076-sd-768x1152.jpg 768w, https:\/\/dnorma.fr\/dnorma\/wp-content\/uploads\/2026\/03\/SG1-Dnorma-1076-sd-1024x1536.jpg 1024w, https:\/\/dnorma.fr\/dnorma\/wp-content\/uploads\/2026\/03\/SG1-Dnorma-1076-sd-600x900.jpg 600w, https:\/\/dnorma.fr\/dnorma\/wp-content\/uploads\/2026\/03\/SG1-Dnorma-1076-sd.jpg 1080w\" sizes=\"(max-width: 200px) 100vw, 200px\" \/>\t\t\t\t\t\t\t\t\t\t\t\t\t\t<\/div>\n\t\t\t\t\t\t<\/div>\n\t\t\t\t<\/div>\n\t\t\t\t<div class=\"elementor-element elementor-element-eab50af elementor-widget elementor-widget-heading\" data-id=\"eab50af\" data-element_type=\"widget\" data-widget_type=\"heading.default\">\n\t\t\t\t<div class=\"elementor-widget-container\">\n\t\t\t<h2 class=\"elementor-heading-title elementor-size-default\">Touria Amraoui <\/h2>\t\t<\/div>\n\t\t\t\t<\/div>\n\t\t\t\t<div class=\"elementor-element elementor-element-f77fb4d elementor-widget elementor-widget-text-editor\" data-id=\"f77fb4d\" data-element_type=\"widget\" data-widget_type=\"text-editor.default\">\n\t\t\t\t<div class=\"elementor-widget-container\">\n\t\t\t\t\t\t\t\t<div class=\"elementor-text-editor elementor-clearfix\">\n\t\t\t\t<p data-start=\"70\" data-end=\"178\">Directrice g\u00e9n\u00e9rale de DNORMA, Touria a d\u00e9velopp\u00e9 une solide expertise en gestion des ressources humaines.<\/p><p data-start=\"185\" data-end=\"395\">Titulaire d\u2019un dipl\u00f4me en gestion des entreprises obtenu en 2004, elle a accompagn\u00e9 plusieurs structures \u00e9voluant dans des secteurs vari\u00e9s tels que la restauration, les services \u00e0 la personne et la recherche.<\/p><p data-start=\"402\" data-end=\"576\">Au fil de ses exp\u00e9riences, elle a renforc\u00e9 ses comp\u00e9tences en recrutement, en gestion des temps et des plannings, en gestion RH au quotidien ainsi qu\u2019en gestion de la paie.<\/p><p data-start=\"583\" data-end=\"704\">Son parcours lui permet aujourd\u2019hui d\u2019apporter une vision compl\u00e8te, op\u00e9rationnelle et adapt\u00e9e aux enjeux des entreprises.<\/p>\t\t\t\t\t<\/div>\n\t\t\t\t\t\t<\/div>\n\t\t\t\t<\/div>\n\t\t\t\t<div class=\"elementor-element elementor-element-2ba6522 elementor-view-default elementor-widget elementor-widget-icon\" data-id=\"2ba6522\" data-element_type=\"widget\" data-widget_type=\"icon.default\">\n\t\t\t\t<div class=\"elementor-widget-container\">\n\t\t\t\t\t<div class=\"elementor-icon-wrapper\">\n\t\t\t<a class=\"elementor-icon\" href=\"https:\/\/www.linkedin.com\/in\/touria-amraoui-7315b427\/\">\n\t\t\t\t\t\t<\/a>\n\t\t<\/div>\n\t\t\t\t<\/div>\n\t\t\t\t<\/div>\n\t\t\t\t<div class=\"elementor-element elementor-element-c581550 elementor-view-default elementor-widget elementor-widget-icon\" data-id=\"c581550\" data-element_type=\"widget\" data-widget_type=\"icon.default\">\n\t\t\t\t<div class=\"elementor-widget-container\">\n\t\t\t\t\t<div class=\"elementor-icon-wrapper\">\n\t\t\t<a class=\"elementor-icon\" href=\"https:\/\/www.linkedin.com\/in\/nathaliemoutie\/\">\n\t\t\t<i aria-hidden=\"true\" class=\"fab fa-linkedin\"><\/i>\t\t\t<\/a>\n\t\t<\/div>\n\t\t\t\t<\/div>\n\t\t\t\t<\/div>\n\t\t\t\t\t\t<\/div>\n\t\t\t\t\t<\/div>\n\t\t<\/div>\n\t\t\t\t<div class=\"has_eae_slider elementor-column elementor-col-50 elementor-top-column elementor-element elementor-element-cf9c5b5 elementor-invisible\" data-id=\"cf9c5b5\" data-element_type=\"column\" data-settings=\"{&quot;animation&quot;:&quot;slideInRight&quot;}\">\n\t\t\t<div class=\"elementor-column-wrap elementor-element-populated\">\n\t\t\t\t\t\t\t<div class=\"elementor-widget-wrap\">\n\t\t\t\t\t\t<div class=\"elementor-element elementor-element-6d5c88e elementor-widget elementor-widget-image\" data-id=\"6d5c88e\" data-element_type=\"widget\" data-widget_type=\"image.default\">\n\t\t\t\t<div class=\"elementor-widget-container\">\n\t\t\t\t\t\t\t\t<div class=\"elementor-image\">\n\t\t\t\t\t\t\t\t\t\t\t\t<img width=\"200\" height=\"300\" src=\"https:\/\/dnorma.fr\/dnorma\/wp-content\/uploads\/2026\/03\/SG1-Dnorma-0945-sd-200x300.jpg\" class=\"attachment-medium size-medium\" alt=\"\" loading=\"lazy\" srcset=\"https:\/\/dnorma.fr\/dnorma\/wp-content\/uploads\/2026\/03\/SG1-Dnorma-0945-sd-200x300.jpg 200w, https:\/\/dnorma.fr\/dnorma\/wp-content\/uploads\/2026\/03\/SG1-Dnorma-0945-sd-683x1024.jpg 683w, https:\/\/dnorma.fr\/dnorma\/wp-content\/uploads\/2026\/03\/SG1-Dnorma-0945-sd-768x1152.jpg 768w, https:\/\/dnorma.fr\/dnorma\/wp-content\/uploads\/2026\/03\/SG1-Dnorma-0945-sd-1024x1536.jpg 1024w, https:\/\/dnorma.fr\/dnorma\/wp-content\/uploads\/2026\/03\/SG1-Dnorma-0945-sd-600x900.jpg 600w, https:\/\/dnorma.fr\/dnorma\/wp-content\/uploads\/2026\/03\/SG1-Dnorma-0945-sd.jpg 1080w\" sizes=\"(max-width: 200px) 100vw, 200px\" \/>\t\t\t\t\t\t\t\t\t\t\t\t\t\t<\/div>\n\t\t\t\t\t\t<\/div>\n\t\t\t\t<\/div>\n\t\t\t\t<div class=\"elementor-element elementor-element-6fae09e elementor-widget elementor-widget-heading\" data-id=\"6fae09e\" data-element_type=\"widget\" data-widget_type=\"heading.default\">\n\t\t\t\t<div class=\"elementor-widget-container\">\n\t\t\t<h2 class=\"elementor-heading-title elementor-size-default\">Nathalie Mouti\u00e9<\/h2>\t\t<\/div>\n\t\t\t\t<\/div>\n\t\t\t\t<div class=\"elementor-element elementor-element-dcb49bb elementor-widget elementor-widget-text-editor\" data-id=\"dcb49bb\" data-element_type=\"widget\" data-widget_type=\"text-editor.default\">\n\t\t\t\t<div class=\"elementor-widget-container\">\n\t\t\t\t\t\t\t\t<div class=\"elementor-text-editor elementor-clearfix\">\n\t\t\t\t<p data-start=\"108\" data-end=\"213\">Pr\u00e9sidente de DNORMA, Nathalie a d\u00e9velopp\u00e9 une expertise solide en gestion administrative du personnel.<\/p><p data-start=\"220\" data-end=\"401\">Elle a acquis ses comp\u00e9tences au sein d\u2019entreprises \u00e9voluant dans des secteurs vari\u00e9s tels que la propret\u00e9, la distribution, le commerce alimentaire et les services \u00e0 la personne.<\/p><p data-start=\"408\" data-end=\"608\">Dipl\u00f4m\u00e9e avec mention en gestion de la paie, elle a \u00e9galement exerc\u00e9 en cabinet d\u2019expertise comptable, ce qui lui a permis de ma\u00eetriser la gestion de la paie dans un environnement multi-conventions.<\/p><p data-start=\"615\" data-end=\"743\">Son parcours lui conf\u00e8re aujourd\u2019hui une approche rigoureuse, polyvalente et parfaitement adapt\u00e9e aux exigences des entreprises.<\/p>\t\t\t\t\t<\/div>\n\t\t\t\t\t\t<\/div>\n\t\t\t\t<\/div>\n\t\t\t\t<div class=\"elementor-element elementor-element-5ca30af elementor-view-default elementor-widget elementor-widget-icon\" data-id=\"5ca30af\" data-element_type=\"widget\" data-widget_type=\"icon.default\">\n\t\t\t\t<div class=\"elementor-widget-container\">\n\t\t\t\t\t<div class=\"elementor-icon-wrapper\">\n\t\t\t<a class=\"elementor-icon\" href=\"https:\/\/www.linkedin.com\/in\/nathaliemoutie\/\">\n\t\t\t<i aria-hidden=\"true\" class=\"fab fa-linkedin\"><\/i>\t\t\t<\/a>\n\t\t<\/div>\n\t\t\t\t<\/div>\n\t\t\t\t<\/div>\n\t\t\t\t\t\t<\/div>\n\t\t\t\t\t<\/div>\n\t\t<\/div>\n\t\t\t\t\t\t\t\t<\/div>\n\t\t\t\t\t<\/div>\n\t\t<\/section>\n\t\t\t\t<section class=\"has_eae_slider elementor-section elementor-top-section elementor-element elementor-element-7013815 elementor-section-boxed elementor-section-height-default elementor-section-height-default\" data-id=\"7013815\" data-element_type=\"section\">\n\t\t\t\t\t\t<div class=\"elementor-container elementor-column-gap-default\">\n\t\t\t\t\t\t\t<div class=\"elementor-row\">\n\t\t\t\t\t<div class=\"has_eae_slider elementor-column elementor-col-100 elementor-top-column elementor-element elementor-element-c134d9a\" data-id=\"c134d9a\" data-element_type=\"column\">\n\t\t\t<div class=\"elementor-column-wrap elementor-element-populated\">\n\t\t\t\t\t\t\t<div class=\"elementor-widget-wrap\">\n\t\t\t\t\t\t<div class=\"elementor-element elementor-element-719527e elementor-widget elementor-widget-text-editor\" data-id=\"719527e\" data-element_type=\"widget\" data-widget_type=\"text-editor.default\">\n\t\t\t\t<div class=\"elementor-widget-container\">\n\t\t\t\t\t\t\t\t<div class=\"elementor-text-editor elementor-clearfix\">\n\t\t\t\t<p data-start=\"96\" data-end=\"219\">L\u2019\u00e9quipe DNORMA s\u2019appuie \u00e9galement sur des gestionnaires de paie exp\u00e9riment\u00e9es, v\u00e9ritables piliers de notre organisation.<\/p><p data-start=\"226\" data-end=\"371\">Virginie et Sabrina, fortes de plus de 20 ans d\u2019exp\u00e9rience en gestion de la paie, mettent chaque jour leur expertise au service de nos clients.<\/p><p data-start=\"378\" data-end=\"526\">Salari\u00e9es au sein de DNORMA, elles assurent un suivi rigoureux, une grande r\u00e9activit\u00e9 et une parfaite ma\u00eetrise des dossiers qui leur sont confi\u00e9s.<\/p><p data-start=\"533\" data-end=\"690\">Leur engagement et leur professionnalisme contribuent pleinement \u00e0 la qualit\u00e9 de service et \u00e0 la relation de confiance que nous entretenons avec nos clients.<\/p>\t\t\t\t\t<\/div>\n\t\t\t\t\t\t<\/div>\n\t\t\t\t<\/div>\n\t\t\t\t\t\t<\/div>\n\t\t\t\t\t<\/div>\n\t\t<\/div>\n\t\t\t\t\t\t\t\t<\/div>\n\t\t\t\t\t<\/div>\n\t\t<\/section>\n\t\t\t\t\t\t<\/div>\n\t\t\t\t\t\t<\/div>\n\t\t\t\t\t<\/div>\n\t\t","protected":false},"excerpt":{"rendered":"<p>Touria Amraoui Directrice g\u00e9n\u00e9rale de DNORMA, Touria a d\u00e9velopp\u00e9 une solide expertise en gestion des ressources humaines. Titulaire d\u2019un dipl\u00f4me en gestion des entreprises obtenu en 2004, elle a accompagn\u00e9 plusieurs structures \u00e9voluant dans des secteurs vari\u00e9s tels que la restauration, les services \u00e0 la personne et la recherche. Au fil de ses exp\u00e9riences, elle a renforc\u00e9 ses comp\u00e9tences en recrutement, en gestion des temps et des plannings, en gestion RH au quotidien ainsi qu\u2019en &hellip;<\/p>\n<p class=\"read-more\"> <a class=\"\" href=\"https:\/\/dnorma.fr\/dnorma\/qui-somme-nous\/\"> <span class=\"screen-reader-text\">Qui sommes-nous ?<\/span> Lire la suite\u00a0\u00bb<\/a><\/p>\n","protected":false},"author":3,"featured_media":0,"parent":0,"menu_order":0,"comment_status":"closed","ping_status":"closed","template":"","meta":{"spay_email":""},"yoast_head":"<!-- This site is optimized with the Yoast SEO plugin v17.3 - https:\/\/yoast.com\/wordpress\/plugins\/seo\/ -->\n<title>Qui sommes-nous ? - Dnorma conseil<\/title>\n<meta name=\"robots\" content=\"index, follow, max-snippet:-1, max-image-preview:large, max-video-preview:-1\" \/>\n<link rel=\"canonical\" href=\"https:\/\/dnorma.fr\/dnorma\/qui-somme-nous\/\" \/>\n<meta property=\"og:locale\" content=\"fr_FR\" \/>\n<meta property=\"og:type\" content=\"article\" \/>\n<meta property=\"og:title\" content=\"Qui sommes-nous ? - Dnorma conseil\" \/>\n<meta property=\"og:description\" content=\"Touria Amraoui Directrice g\u00e9n\u00e9rale de DNORMA, Touria a d\u00e9velopp\u00e9 une solide expertise en gestion des ressources humaines. Titulaire d\u2019un dipl\u00f4me en gestion des entreprises obtenu en 2004, elle a accompagn\u00e9 plusieurs structures \u00e9voluant dans des secteurs vari\u00e9s tels que la restauration, les services \u00e0 la personne et la recherche. Au fil de ses exp\u00e9riences, elle a renforc\u00e9 ses comp\u00e9tences en recrutement, en gestion des temps et des plannings, en gestion RH au quotidien ainsi qu\u2019en &hellip; Qui sommes-nous ? Lire la suite\u00a0\u00bb\" \/>\n<meta property=\"og:url\" content=\"https:\/\/dnorma.fr\/dnorma\/qui-somme-nous\/\" \/>\n<meta property=\"og:site_name\" content=\"Dnorma conseil\" \/>\n<meta property=\"article:publisher\" content=\"https:\/\/www.facebook.com\/Dnorma-conseil-2096142100508361\" \/>\n<meta property=\"article:modified_time\" content=\"2026-03-28T18:52:57+00:00\" \/>\n<meta property=\"og:image\" content=\"https:\/\/dnorma.fr\/dnorma\/wp-content\/uploads\/2026\/03\/SG1-Dnorma-1076-sd-200x300.jpg\" \/>\n<meta name=\"twitter:card\" content=\"summary_large_image\" \/>\n<meta name=\"twitter:site\" content=\"@ConseilDnorma\" \/>\n<meta name=\"twitter:label1\" content=\"Dur\u00e9e de lecture estim\u00e9e\" \/>\n\t<meta name=\"twitter:data1\" content=\"1 minute\" \/>\n<script type=\"application\/ld+json\" class=\"yoast-schema-graph\">{\"@context\":\"https:\/\/schema.org\",\"@graph\":[{\"@type\":\"Organization\",\"@id\":\"https:\/\/dnorma.fr\/dnorma\/#organization\",\"name\":\"DNORMA CONSEIL\",\"url\":\"https:\/\/dnorma.fr\/dnorma\/\",\"sameAs\":[\"https:\/\/www.facebook.com\/Dnorma-conseil-2096142100508361\",\"https:\/\/www.instagram.com\/dnorma.conseil\",\"https:\/\/www.linkedin.com\/company\/dnorma-conseil\/\",\"https:\/\/twitter.com\/ConseilDnorma\"],\"logo\":{\"@type\":\"ImageObject\",\"@id\":\"https:\/\/dnorma.fr\/dnorma\/#logo\",\"inLanguage\":\"fr-FR\",\"url\":\"https:\/\/dnorma.fr\/dnorma\/wp-content\/uploads\/2019\/05\/dnorma.png\",\"contentUrl\":\"https:\/\/dnorma.fr\/dnorma\/wp-content\/uploads\/2019\/05\/dnorma.png\",\"width\":500,\"height\":500,\"caption\":\"DNORMA CONSEIL\"},\"image\":{\"@id\":\"https:\/\/dnorma.fr\/dnorma\/#logo\"}},{\"@type\":\"WebSite\",\"@id\":\"https:\/\/dnorma.fr\/dnorma\/#website\",\"url\":\"https:\/\/dnorma.fr\/dnorma\/\",\"name\":\"Dnorma conseil\",\"description\":\"Solution Paie &amp; Gestion du Personnel\",\"publisher\":{\"@id\":\"https:\/\/dnorma.fr\/dnorma\/#organization\"},\"potentialAction\":[{\"@type\":\"SearchAction\",\"target\":{\"@type\":\"EntryPoint\",\"urlTemplate\":\"https:\/\/dnorma.fr\/dnorma\/?s={search_term_string}\"},\"query-input\":\"required name=search_term_string\"}],\"inLanguage\":\"fr-FR\"},{\"@type\":\"ImageObject\",\"@id\":\"https:\/\/dnorma.fr\/dnorma\/qui-somme-nous\/#primaryimage\",\"inLanguage\":\"fr-FR\",\"url\":\"https:\/\/dnorma.fr\/dnorma\/wp-content\/uploads\/2026\/03\/SG1-Dnorma-1076-sd.jpg\",\"contentUrl\":\"https:\/\/dnorma.fr\/dnorma\/wp-content\/uploads\/2026\/03\/SG1-Dnorma-1076-sd.jpg\",\"width\":1080,\"height\":1620},{\"@type\":\"WebPage\",\"@id\":\"https:\/\/dnorma.fr\/dnorma\/qui-somme-nous\/#webpage\",\"url\":\"https:\/\/dnorma.fr\/dnorma\/qui-somme-nous\/\",\"name\":\"Qui sommes-nous ? - Dnorma conseil\",\"isPartOf\":{\"@id\":\"https:\/\/dnorma.fr\/dnorma\/#website\"},\"primaryImageOfPage\":{\"@id\":\"https:\/\/dnorma.fr\/dnorma\/qui-somme-nous\/#primaryimage\"},\"datePublished\":\"2021-07-26T23:45:47+00:00\",\"dateModified\":\"2026-03-28T18:52:57+00:00\",\"breadcrumb\":{\"@id\":\"https:\/\/dnorma.fr\/dnorma\/qui-somme-nous\/#breadcrumb\"},\"inLanguage\":\"fr-FR\",\"potentialAction\":[{\"@type\":\"ReadAction\",\"target\":[\"https:\/\/dnorma.fr\/dnorma\/qui-somme-nous\/\"]}]},{\"@type\":\"BreadcrumbList\",\"@id\":\"https:\/\/dnorma.fr\/dnorma\/qui-somme-nous\/#breadcrumb\",\"itemListElement\":[{\"@type\":\"ListItem\",\"position\":1,\"name\":\"Accueil\",\"item\":\"https:\/\/dnorma.fr\/dnorma\/\"},{\"@type\":\"ListItem\",\"position\":2,\"name\":\"Qui sommes-nous ?\"}]}]}<\/script>\n<!-- \/ Yoast SEO plugin. -->","yoast_head_json":{"title":"Qui sommes-nous ? - Dnorma conseil","robots":{"index":"index","follow":"follow","max-snippet":"max-snippet:-1","max-image-preview":"max-image-preview:large","max-video-preview":"max-video-preview:-1"},"canonical":"https:\/\/dnorma.fr\/dnorma\/qui-somme-nous\/","og_locale":"fr_FR","og_type":"article","og_title":"Qui sommes-nous ? - Dnorma conseil","og_description":"Touria Amraoui Directrice g\u00e9n\u00e9rale de DNORMA, Touria a d\u00e9velopp\u00e9 une solide expertise en gestion des ressources humaines. Titulaire d\u2019un dipl\u00f4me en gestion des entreprises obtenu en 2004, elle a accompagn\u00e9 plusieurs structures \u00e9voluant dans des secteurs vari\u00e9s tels que la restauration, les services \u00e0 la personne et la recherche. Au fil de ses exp\u00e9riences, elle a renforc\u00e9 ses comp\u00e9tences en recrutement, en gestion des temps et des plannings, en gestion RH au quotidien ainsi qu\u2019en &hellip; Qui sommes-nous ? Lire la suite\u00a0\u00bb","og_url":"https:\/\/dnorma.fr\/dnorma\/qui-somme-nous\/","og_site_name":"Dnorma conseil","article_publisher":"https:\/\/www.facebook.com\/Dnorma-conseil-2096142100508361","article_modified_time":"2026-03-28T18:52:57+00:00","og_image":[{"url":"https:\/\/dnorma.fr\/dnorma\/wp-content\/uploads\/2026\/03\/SG1-Dnorma-1076-sd-200x300.jpg"}],"twitter_card":"summary_large_image","twitter_site":"@ConseilDnorma","twitter_misc":{"Dur\u00e9e de lecture estim\u00e9e":"1 minute"},"schema":{"@context":"https:\/\/schema.org","@graph":[{"@type":"Organization","@id":"https:\/\/dnorma.fr\/dnorma\/#organization","name":"DNORMA CONSEIL","url":"https:\/\/dnorma.fr\/dnorma\/","sameAs":["https:\/\/www.facebook.com\/Dnorma-conseil-2096142100508361","https:\/\/www.instagram.com\/dnorma.conseil","https:\/\/www.linkedin.com\/company\/dnorma-conseil\/","https:\/\/twitter.com\/ConseilDnorma"],"logo":{"@type":"ImageObject","@id":"https:\/\/dnorma.fr\/dnorma\/#logo","inLanguage":"fr-FR","url":"https:\/\/dnorma.fr\/dnorma\/wp-content\/uploads\/2019\/05\/dnorma.png","contentUrl":"https:\/\/dnorma.fr\/dnorma\/wp-content\/uploads\/2019\/05\/dnorma.png","width":500,"height":500,"caption":"DNORMA CONSEIL"},"image":{"@id":"https:\/\/dnorma.fr\/dnorma\/#logo"}},{"@type":"WebSite","@id":"https:\/\/dnorma.fr\/dnorma\/#website","url":"https:\/\/dnorma.fr\/dnorma\/","name":"Dnorma conseil","description":"Solution Paie &amp; Gestion du Personnel","publisher":{"@id":"https:\/\/dnorma.fr\/dnorma\/#organization"},"potentialAction":[{"@type":"SearchAction","target":{"@type":"EntryPoint","urlTemplate":"https:\/\/dnorma.fr\/dnorma\/?s={search_term_string}"},"query-input":"required name=search_term_string"}],"inLanguage":"fr-FR"},{"@type":"ImageObject","@id":"https:\/\/dnorma.fr\/dnorma\/qui-somme-nous\/#primaryimage","inLanguage":"fr-FR","url":"https:\/\/dnorma.fr\/dnorma\/wp-content\/uploads\/2026\/03\/SG1-Dnorma-1076-sd.jpg","contentUrl":"https:\/\/dnorma.fr\/dnorma\/wp-content\/uploads\/2026\/03\/SG1-Dnorma-1076-sd.jpg","width":1080,"height":1620},{"@type":"WebPage","@id":"https:\/\/dnorma.fr\/dnorma\/qui-somme-nous\/#webpage","url":"https:\/\/dnorma.fr\/dnorma\/qui-somme-nous\/","name":"Qui sommes-nous ? - Dnorma conseil","isPartOf":{"@id":"https:\/\/dnorma.fr\/dnorma\/#website"},"primaryImageOfPage":{"@id":"https:\/\/dnorma.fr\/dnorma\/qui-somme-nous\/#primaryimage"},"datePublished":"2021-07-26T23:45:47+00:00","dateModified":"2026-03-28T18:52:57+00:00","breadcrumb":{"@id":"https:\/\/dnorma.fr\/dnorma\/qui-somme-nous\/#breadcrumb"},"inLanguage":"fr-FR","potentialAction":[{"@type":"ReadAction","target":["https:\/\/dnorma.fr\/dnorma\/qui-somme-nous\/"]}]},{"@type":"BreadcrumbList","@id":"https:\/\/dnorma.fr\/dnorma\/qui-somme-nous\/#breadcrumb","itemListElement":[{"@type":"ListItem","position":1,"name":"Accueil","item":"https:\/\/dnorma.fr\/dnorma\/"},{"@type":"ListItem","position":2,"name":"Qui sommes-nous ?"}]}]}},"uagb_featured_image_src":{"full":false,"thumbnail":false,"medium":false,"medium_large":false,"large":false,"1536x1536":false,"2048x2048":false,"htmega_size_585x295":false,"htmega_size_1170x536":false,"htmega_size_396x360":false,"ultp_layout_landscape_large":false,"ultp_layout_landscape":false,"ultp_layout_portrait":false,"ultp_layout_square":false},"uagb_author_info":{"display_name":"Nathalie Morand","author_link":"https:\/\/dnorma.fr\/dnorma\/author\/nathalie\/"},"uagb_comment_info":0,"uagb_excerpt":"Touria Amraoui Directrice g\u00e9n\u00e9rale de DNORMA, Touria a d\u00e9velopp\u00e9 une solide expertise en gestion des ressources humaines. Titulaire d\u2019un dipl\u00f4me en gestion des entreprises obtenu en 2004, elle a accompagn\u00e9 plusieurs structures \u00e9voluant dans des secteurs vari\u00e9s tels que la restauration, les services \u00e0 la personne et la recherche. Au fil de ses exp\u00e9riences, elle\u2026","_links":{"self":[{"href":"https:\/\/dnorma.fr\/dnorma\/wp-json\/wp\/v2\/pages\/1672"}],"collection":[{"href":"https:\/\/dnorma.fr\/dnorma\/wp-json\/wp\/v2\/pages"}],"about":[{"href":"https:\/\/dnorma.fr\/dnorma\/wp-json\/wp\/v2\/types\/page"}],"author":[{"embeddable":true,"href":"https:\/\/dnorma.fr\/dnorma\/wp-json\/wp\/v2\/users\/3"}],"replies":[{"embeddable":true,"href":"https:\/\/dnorma.fr\/dnorma\/wp-json\/wp\/v2\/comments?post=1672"}],"version-history":[{"count":72,"href":"https:\/\/dnorma.fr\/dnorma\/wp-json\/wp\/v2\/pages\/1672\/revisions"}],"predecessor-version":[{"id":2858,"href":"https:\/\/dnorma.fr\/dnorma\/wp-json\/wp\/v2\/pages\/1672\/revisions\/2858"}],"wp:attachment":[{"href":"https:\/\/dnorma.fr\/dnorma\/wp-json\/wp\/v2\/media?parent=1672"}],"curies":[{"name":"wp","href":"https:\/\/api.w.org\/{rel}","templated":true}]}}